- -111?
1010011
In base 2, what is -11 - 1010110?
-1011001
In base 3, what is 11 + -1112?
-1101
In base 15, what is -3 + -2c?
-30
In base 10, what is -167 + 0?
-167
In base 10, what is 161 - -13?
174
In base 12, what is -5 + 199?
194
In base 6, what is 5 + -33?
-24
In base 3, what is 111112 + -12?
111100
In base 15, what is 32 - -17?
49
In base 11, what is 3 + -20a1?
-2099
In base 15, what is 12 + b?
1d
In base 16, what is 5 + 1e?
23
In base 9, what is -4644 - 5?
-4650
In base 16, what is c9 + 12?
db
In base 2, what is -10101 + -10?
-10111
In base 12, what is -1 - 2b4?
-2b5
In base 5, what is -31 - -130?
44
In base 11, what is -6 - 16?
-21
In base 7, what is -2 - 1043?
-1045
In base 15, what is -7 - 589?
-591
In base 8, what is 0 - -7113?
7113
In base 5, what is 2 - 132?
-130
In base 15, what is -5c + -2?
-5e
In base 16, what is -23 + 2?
-21
In base 10, what is -4471 + 0?
-4471
In base 9, what is 5 - -1781?
1786
In base 9, what is -1528 + 4?
-1524
In base 15, what is 8 + -ae?
-a6
In base 9, what is -75 + 4?
-71
In base 14, what is 1b03 - 3?
1b00
In base 4, what is 2 + -1030?
-1022
In base 4, what is -11 + -20002?
-20013
In base 8, what is -12 - 120?
-132
In base 6, what is -113250 - -3?
-113243
In base 3, what is 10 + 1200?
1210
In base 14, what is c1 - -3?
c4
In base 7, what is 100 + 5?
105
In base 5, what is 1 + 143?
144
In base 8, what is 5 + 20?
25
In base 15, what is 30e + -2?
30c
In base 7, what is 141 + 2?
143
In base 7, what is -2 + 102?
100
In base 11, what is 61 - 3?
59
In base 12, what is 1 - 1212?
-1211
In base 8, what is 276 + 4?
302
In base 9, what is 431 - 1?
430
In base 5, what is -23 + 133?
110
In base 2, what is 10000 + -10100001?
-10010001
In base 12, what is -60 - -299?
239
In base 14, what is 18 + -2b?
-13
In base 2, what is -10000010 - 10?
-10000100
In base 15, what is 906 + -2?
904
In base 7, what is -216 - -5?
-211
In base 6, what is -25 + 2?
-23
In base 5, what is 2 - 23130?
-23123
In base 11, what is 268 - 3?
265
In base 11, what is -2 - -1418?
1416
In base 9, what is -4 + -887?
-1002
In base 4, what is -3 + -102212?
-102221
In base 16, what is -6 - -d2?
cc
In base 4, what is -3 + 112?
103
In base 10, what is 3 + 322?
325
In base 14, what is -2b3 + -3?
-2b6
In base 11, what is -4 + 109?
105
In base 3, what is 1100 + -112201?
-111101
In base 11, what is -105 + -14?
-119
In base 5, what is -131 - -321?
140
In base 4, what is -3222 - -10?
-3212
In base 15, what is -40 - 0?
-40
In base 5, what is -10 - 3231?
-3241
In base 14, what is -4 - -34?
30
In base 11, what is -16 + 1?
-15
In base 10, what is -5891 - -2?
-5889
In base 12, what is 4 + 356?
35a
In base 16, what is -8f4 + -1?
-8f5
In base 9, what is -1 + -2036?
-2037
In base 10, what is -60 - 4?
-64
In base 13, what is 328 - -5?
330
In base 2, what is -11111 - -1000001?
100010
In base 13, what is -b8 + 3?
-b5
In base 5, what is 11 - 2222?
-2211
In base 7, what is 1 - -526?
530
In base 7, what is -5 - -41?
33
In base 7, what is -1156 + 0?
-1156
In base 4, what is -333 - -1000?
1
In base 14, what is ac + 12?
c0
In base 13, what is -35a + 1?
-359
In base 8, what is -177 + 2?
-175
In base 7, what is 36 - 2?
34
In base 4, what is -1033210 - -11?
-1033133
In base 16, what is -49 + 6?
-43
In base 11, what is -75 + 10?
-65
In base 7, what is 10 - -2?
12
In base 16, what is -4 + -53c?
-540
In base 11, what is 49 - -30?
79
In base 9, what is -38 - -16?
-22
In base 9, what is -152 + 162?
10
In base 2, what is -1111111110000 + 0?
-1111111110000
In base 5, what is 12 + -103?
-41
In base 14, what is -3d + d?
-30
In base 2, what is 10 + -11000?
-10110
In base 13, what is 3 - -9?
c
In base 8, what is 74 + -1?
73
In base 15, what is -5 + -c09?
-c0e
In base 11, what is 13 + 0?
13
In base 3, what is 20111 - -11?
20122
In base 11, what is -12 - -2?
-10
In base 8, what is -11 - -62?
51
In base 2, what is -1000010001 + 1101?
-1000000100
In base 11, what is 6 + -13?
-8
In base 9, what is -4 + -8407?
-8412
In base 3, what is 111100000 - 10?
111022220
In base 7, what is -22 - 5?
-30
In base 10, what is -8 - 129?
-137
In base 7, what is -2 - 153?
-155
In base 7, what is -20 - 300?
-320
In base 9, what is 4 + 2283?
2287
In base 3, what is 201 - -1011?
1212
In base 4, what is 11012 + -1?
11011
In base 13, what is -8 + b3?
a8
In base 8, what is 7671 - 0?
7671
In base 12, what is 17 + -35?
-1a
In base 12, what is -5 + -35a?
-363
In base 6, what is 31 + -321?
-250
In base 7, what is 141 - 3?
135
In base 7, what is 1013 - -6?
1022
In base 12, what is 5a7b + -5?
5a76
In base 15, what is -3 + -5d5?
-5d8
In base 5, what is 114 - 333?
-214
In base 5, what is -14 + -2124?
-2143
In base 16, what is 118 + -6d?
ab
In base 12, what is -17 - -47?
30
In base 7, what is -204 + 12?
-162
In base 13, what is 6a6 + 3?
6a9
In base 10, what is -172 - -3?
-169
In base 12, what is -5 - 69?
-72
In base 3, what is -10 - 1210012?
-1210022
In base 7, what is 1 - 232?
-231
In base 7, what is -6 + -104?
-113
In base 15, what is -2 - 10?
-12
In base 14, what is 2 - -37?
39
In base 7, what is 2 - -4264?
4266
In base 6, what is -2 - -1301?
1255
In base 12, what is 96 - 32?
64
In base 15, what is 1c - -2?
1e
In base 16, what is 94 + -4?
90
In base 9, what is 4 + 877?
882
In base 6, what is 1512 - 1?
1511
In base 12, what is -19 + -24a?
-267
In base 8, what is -4 + 147?
143
In base 11, what is 2 - -275?
277
In base 14, what is -4 - -1d?
19
In base 10, what is -216 + 3?
-213
In base 11, what is 339 - -3?
341
In base 14, what is -17b6 - -4?
-17b2
In base 16, what is 86 + 4?
8a
In base 7, what is -3 + 2336?
2333
In base 4, what is -11 + 1133?
1122
In base 2, what is 11 + 11011011?
11011110
In base 11, what is 13 - 16?
-3
In base 11, what is -320 + 2?
-319
In base 10, what is -3 + -27?
-30
In base 13, what is -8 - -3?
-5
In base 13, what is 152 + -2?
150
In base 8, what is -1 - 3612?
-3613
In base 4, what is -11331 + 3?
-11322
In base 7, what is -1143 - -2?
-1141
In base 16, what is -57 - -a?
-4d
In base 5, what is -2403 - -3?
-2400
In base 6, what is 2420 + -3?
2413
In base 16, what is b0 - -1?
b1
In base 15, what is 18a - -6?
191
In base 7, what is -4254 + -1?
-4255
In base 4, what is 3 + 13130?
13133
In base 7, what is -112 - -364?
252
In base 7, what is 2 + -3?
-1
In base 2, what is 10101100 - -1010000?
11111100
In base 10, what is -19 - 18?
-37
In base 5, what is -4 + -33313?
-33322
In base 2, what is -10011110 + 11?
-10011011
In base 15, what is -2 - 70?
-72
In base 13, what is 20 + -29?
-9
In base 3, what is 110 + -2220?
-2110
In base 7, what is 11335 - 2?
11333
In base 6, what is 22042 + -1?
22041
In base 15, what is -3 + 1d?
1a
In base 5, what is 1031 - -3?
1034
In base 14, what is -a + -23?
-2d
In base 6, what is 4 - -1144?
1152
In base 5, what is 1402 + 23?
1430
In base 3, what is -2122 + -1002?
-10201
In base 9, what is -2321 + -11?
-2332
In base 2, what is -1011 - -10101?
1010
In base 3, what is -2 - -11?
2
In base 8, what is 2470 - 5?
2463
In base 15, what is -14 - -75?
61
In base 7, what is -223 - 6?
-232
In base 14, what is 4 + -47?
-43
In base 11, what is -5 + -42?
-47
In base 11, what is 136 + 3?
139
In base 13, what is 5 - 9c?
-97
In base 3, what is 1212021 + -1?
1212020
In base 5, what is 334 + 10?
344
In base 5, what is 200 + -3?
142
In base 4, what is -3 + -2110?
-2113
In base 15, what is -b7 - 5?
-bc
In base 14, what is 2 + 4dc?
500
In base 7, what is -263 + 1?
-262
In base 3, what is 11 + 2002?
2020
In base 4, what is 12301 + 2?
12303
In base 15, what is 496c - -1?
496d
In base 6, what is 2153 - 5?
2144
In base 8, what is -2 - -444?
442
In base 13, what is -9 + -80?
-89
In base 8, what is 3 + -123?
-120
In base 6, what is 44 - -4?
52
In base 8, what is 47 + -7?
40
In base 8, what is -32 + -6?
-40
In base 16, what is 23 + 20?
43
In base 11, what is -4 + -5?
-9
In base 8, what is 1773 + 0?
1773
In base 4, what is 2 + 1020?
1022
In base 6, what is -4 - 40015?
-40023
In base 16, what is -c12 - 5?
-c17
In base 16, what is 12 - -f4?
106
In base 6, what is 1015 - 32?
543
In base 11, what is 158 - 2?
156
In base 15, what is -20 + -180?
-1a0
In base 10, what is 18 - -21?
39
In base 2, what is -100 - 11000100000?
-11000100100
In base 15, what is 6 + -184?
-17d
In base 14, what is -d - -30?
21
In base 5, what is 4410